{"id":53,"date":"2019-04-18T11:16:34","date_gmt":"2019-04-18T09:16:34","guid":{"rendered":"https:\/\/envothemes.com\/envo-ecommerce\/?page_id=53"},"modified":"2026-01-25T16:49:21","modified_gmt":"2026-01-25T15:49:21","slug":"o-nas","status":"publish","type":"page","link":"https:\/\/www.mebelonline.pl\/?page_id=53","title":{"rendered":"O nas"},"content":{"rendered":"\t\t<div data-elementor-type=\"wp-post\" data-elementor-id=\"53\" class=\"elementor elementor-53\">\n\t\t\t\t\t\t<section class=\"elementor-section elementor-top-section elementor-element elementor-element-11beeb82 elementor-section-boxed elementor-section-height-default elementor-section-height-default\" data-id=\"11beeb82\" data-element_type=\"section\" data-e-type=\"section\" data-settings=\"{&quot;background_background&quot;:&quot;classic&quot;,&quot;shape_divider_bottom&quot;:&quot;mountains&quot;}\">\n\t\t\t\t\t\t\t<div class=\"elementor-background-overlay\"><\/div>\n\t\t\t\t\t\t<div class=\"elementor-shape elementor-shape-bottom\" aria-hidden=\"true\" data-negative=\"false\">\n\t\t\t<svg xmlns=\"http:\/\/www.w3.org\/2000\/svg\" viewBox=\"0 0 1000 100\" preserveAspectRatio=\"none\">\n\t<path class=\"elementor-shape-fill\" opacity=\"0.33\" d=\"M473,67.3c-203.9,88.3-263.1-34-320.3,0C66,119.1,0,59.7,0,59.7V0h1000v59.7 c0,0-62.1,26.1-94.9,29.3c-32.8,3.3-62.8-12.3-75.8-22.1C806,49.6,745.3,8.7,694.9,4.7S492.4,59,473,67.3z\"\/>\n\t<path class=\"elementor-shape-fill\" opacity=\"0.66\" d=\"M734,67.3c-45.5,0-77.2-23.2-129.1-39.1c-28.6-8.7-150.3-10.1-254,39.1 s-91.7-34.4-149.2,0C115.7,118.3,0,39.8,0,39.8V0h1000v36.5c0,0-28.2-18.5-92.1-18.5C810.2,18.1,775.7,67.3,734,67.3z\"\/>\n\t<path class=\"elementor-shape-fill\" d=\"M766.1,28.9c-200-57.5-266,65.5-395.1,19.5C242,1.8,242,5.4,184.8,20.6C128,35.8,132.3,44.9,89.9,52.5C28.6,63.7,0,0,0,0 h1000c0,0-9.9,40.9-83.6,48.1S829.6,47,766.1,28.9z\"\/>\n<\/svg>\t\t<\/div>\n\t\t\t\t\t<div class=\"elementor-container elementor-column-gap-default\">\n\t\t\t\t\t<div class=\"elementor-column elementor-col-100 elementor-top-column elementor-element elementor-element-66f995e4\" data-id=\"66f995e4\" data-element_type=\"column\" data-e-type=\"column\">\n\t\t\t<div class=\"elementor-widget-wrap elementor-element-populated\">\n\t\t\t\t\t\t<div class=\"elementor-element elementor-element-2199df57 elementor-widget elementor-widget-heading\" data-id=\"2199df57\" data-element_type=\"widget\" data-e-type=\"widget\" data-widget_type=\"heading.default\">\n\t\t\t\t<div class=\"elementor-widget-container\">\n\t\t\t\t\t<h2 class=\"elementor-heading-title elementor-size-default\">O NAS<\/h2>\t\t\t\t<\/div>\n\t\t\t\t<\/div>\n\t\t\t\t<div class=\"elementor-element elementor-element-5e0ffb6 elementor-widget-divider--view-line elementor-widget elementor-widget-divider\" data-id=\"5e0ffb6\" data-element_type=\"widget\" data-e-type=\"widget\" data-widget_type=\"divider.default\">\n\t\t\t\t<div class=\"elementor-widget-container\">\n\t\t\t\t\t\t\t<div class=\"elementor-divider\">\n\t\t\t<span class=\"elementor-divider-separator\">\n\t\t\t\t\t\t<\/span>\n\t\t<\/div>\n\t\t\t\t\t\t<\/div>\n\t\t\t\t<\/div>\n\t\t\t\t<div class=\"elementor-element elementor-element-5b713658 elementor-widget elementor-widget-text-editor\" data-id=\"5b713658\" data-element_type=\"widget\" data-e-type=\"widget\" data-widget_type=\"text-editor.default\">\n\t\t\t\t<div class=\"elementor-widget-container\">\n\t\t\t\t\t\t\t\t\t<h4 style=\"margin-bottom: 0.0001pt; line-height: normal; background-image: initial; background-position: initial; background-size: initial; background-attachment: initial;\"><span style=\"font-size: 13pt; font-family: Arial, 'sans-serif'; background-image: initial; background-position: initial; background-size: initial; background-attachment: initial;\">Jeste\u015bmy niewielk\u0105 firm\u0105, w kt\u00f3rej utalentowani rzemie\u015blnicy z entuzjazmem i zaanga\u017cowaniem wytwarzaj\u0105 meble z materia\u0142\u00f3w najwy\u017cszej jako\u015bci.<br><\/span><\/h4>\n<h4><span style=\"color: inherit; font-family: Arial, sans-serif; font-size: 17.3333px; letter-spacing: -0.02em;\">&nbsp;<\/span><\/h4>\n<h4 style=\"margin-bottom: 0.0001pt; line-height: normal; background-image: initial; background-position: initial; background-size: initial; background-attachment: initial;\"><span style=\"font-size: 13pt; font-family: Arial, 'sans-serif'; background-image: initial; background-position: initial; background-size: initial; background-attachment: initial;\">Obok pasji g\u0142\u00f3wnym motywatorem do dzia\u0142ania jest dla nas u\u015bmiech na twarzach zadowolonych klient\u00f3w, dlatego nasze meble powstaj\u0105 zawsze z my\u015bl\u0105 o zaspokajaniu ich potrzeb. Maj\u0105c na uwadze dobro naszych klient\u00f3w staramy si\u0119 sprosta\u0107 ka\u017cdemu z postawionych przed nami wymaga\u0144.<\/span><\/h4>\n<h4 style=\"margin-bottom: 0.0001pt; line-height: normal; background-image: initial; background-position: initial; background-size: initial; background-attachment: initial;\"><span style=\"font-size: 13pt; font-family: Arial, 'sans-serif'; background-image: initial; background-position: initial; background-size: initial; background-attachment: initial;\">&nbsp;<\/span><\/h4>\n<h4><span style=\"font-size: 13pt; font-family: Arial, 'sans-serif'; background-image: initial; background-position: initial; background-size: initial; background-attachment: initial;\">W Mebels-Tap wierzymy, \u017ce sumienno\u015b\u0107 i determinacja w\u0142o\u017cone w prace nad tworzeniem wygodnych i estetycznych mebli, przynios\u0105 rado\u015b\u0107 i dobry nastr\u00f3j naszym klientom.<\/span><span style=\"font-size: 13pt; font-family: Arial, 'sans-serif'; background-image: initial; background-position: initial; background-size: initial; background-attachment: initial;\"><br><\/span><\/h4>\n<h4><span style=\"font-size: 13pt; font-family: Arial, 'sans-serif'; background-image: initial; background-position: initial; background-size: initial; background-attachment: initial;\">&nbsp;<\/span><\/h4>\n<h4 style=\"margin-bottom: 0.0001pt; line-height: normal; background-image: initial; background-position: initial; background-size: initial; background-attachment: initial;\"><span style=\"color: inherit; font-family: Arial, 'sans-serif'; font-size: 13pt; letter-spacing: -0.02em;\">Dzi\u0119ki starannej pracy i ci\u0105g\u0142emu rozwijaniu umiej\u0119tno\u015bci jeste\u015bmy w stanie zadba\u0107 o ka\u017cdy szczeg\u00f3\u0142 procesu produkcyjnego, aby oddawane w r\u0119ce naszych klient\u00f3w meble spe\u0142nia\u0142y ich oczekiwania.<\/span><\/h4>\n<h4><span style=\"color: inherit; font-family: Arial, 'sans-serif'; font-size: 13pt; letter-spacing: -0.02em;\">&nbsp;<\/span><\/h4>\n<h4><span style=\"color: inherit; font-family: Arial, 'sans-serif'; font-size: 13pt; letter-spacing: -0.02em;\">Nasze motto mo\u017cna uj\u0105\u0107 w s\u0142owach: &#8222;<\/span><span style=\"color: inherit; font-family: Arial, sans-serif; font-size: 17.3333px; letter-spacing: -0.02em;\">\u0142\u0105czymy rzemie\u015blnicz\u0105 pasj\u0119 z trosk\u0105 o Tw\u00f3j codzienny komfor<\/span><span style=\"color: inherit; font-family: Arial, sans-serif; font-size: 17.3333px; letter-spacing: -0.02em;\">t&#8221;.<\/span><\/h4>\t\t\t\t\t\t\t\t<\/div>\n\t\t\t\t<\/div>\n\t\t\t\t\t<\/div>\n\t\t<\/div>\n\t\t\t\t\t<\/div>\n\t\t<\/section>\n\t\t\t\t<section class=\"elementor-section elementor-top-section elementor-element elementor-element-28bccb4d elementor-section-boxed elementor-section-height-default elementor-section-height-default\" data-id=\"28bccb4d\" data-element_type=\"section\" data-e-type=\"section\">\n\t\t\t\t\t\t<div class=\"elementor-container elementor-column-gap-wide\">\n\t\t\t\t\t<div class=\"elementor-column elementor-col-50 elementor-top-column elementor-element elementor-element-485de39\" data-id=\"485de39\" data-element_type=\"column\" data-e-type=\"column\">\n\t\t\t<div class=\"elementor-widget-wrap elementor-element-populated\">\n\t\t\t\t\t\t<div class=\"elementor-element elementor-element-524c8acd elementor-view-default elementor-position-block-start elementor-mobile-position-block-start elementor-widget elementor-widget-icon-box\" data-id=\"524c8acd\" data-element_type=\"widget\" data-e-type=\"widget\" data-widget_type=\"icon-box.default\">\n\t\t\t\t<div class=\"elementor-widget-container\">\n\t\t\t\t\t\t\t<div class=\"elementor-icon-box-wrapper\">\n\n\t\t\t\t\t\t<div class=\"elementor-icon-box-icon\">\n\t\t\t\t<a href=\"https:\/\/www.facebook.com\/profile.php?id=100086955783971\" class=\"elementor-icon\" tabindex=\"-1\" aria-label=\"Facebook\">\n\t\t\t\t<i aria-hidden=\"true\" class=\"fab fa-facebook-f\"><\/i>\t\t\t\t<\/a>\n\t\t\t<\/div>\n\t\t\t\n\t\t\t\t\t\t<div class=\"elementor-icon-box-content\">\n\n\t\t\t\t\t\t\t\t\t<h3 class=\"elementor-icon-box-title\">\n\t\t\t\t\t\t<a href=\"https:\/\/www.facebook.com\/profile.php?id=100086955783971\" >\n\t\t\t\t\t\t\tFacebook\t\t\t\t\t\t<\/a>\n\t\t\t\t\t<\/h3>\n\t\t\t\t\n\t\t\t\t\t\t\t\t\t<p class=\"elementor-icon-box-description\">\n\t\t\t\t\t\tOdwied\u017a nas na naszym profilu firmowym\t\t\t\t\t<\/p>\n\t\t\t\t\n\t\t\t<\/div>\n\t\t\t\n\t\t<\/div>\n\t\t\t\t\t\t<\/div>\n\t\t\t\t<\/div>\n\t\t\t\t\t<\/div>\n\t\t<\/div>\n\t\t\t\t<div class=\"elementor-column elementor-col-50 elementor-top-column elementor-element elementor-element-401d53e4\" data-id=\"401d53e4\" data-element_type=\"column\" data-e-type=\"column\">\n\t\t\t<div class=\"elementor-widget-wrap elementor-element-populated\">\n\t\t\t\t\t\t<div class=\"elementor-element elementor-element-6e8af269 elementor-view-default elementor-position-block-start elementor-mobile-position-block-start elementor-widget elementor-widget-icon-box\" data-id=\"6e8af269\" data-element_type=\"widget\" data-e-type=\"widget\" data-widget_type=\"icon-box.default\">\n\t\t\t\t<div class=\"elementor-widget-container\">\n\t\t\t\t\t\t\t<div class=\"elementor-icon-box-wrapper\">\n\n\t\t\t\t\t\t<div class=\"elementor-icon-box-icon\">\n\t\t\t\t<a href=\"https:\/\/allegro.pl\/uzytkownik\/MEBELS-TAP?order=qd\" class=\"elementor-icon\" tabindex=\"-1\" aria-label=\"Allegro\">\n\t\t\t\t<i aria-hidden=\"true\" class=\"fas fa-allergies\"><\/i>\t\t\t\t<\/a>\n\t\t\t<\/div>\n\t\t\t\n\t\t\t\t\t\t<div class=\"elementor-icon-box-content\">\n\n\t\t\t\t\t\t\t\t\t<h3 class=\"elementor-icon-box-title\">\n\t\t\t\t\t\t<a href=\"https:\/\/allegro.pl\/uzytkownik\/MEBELS-TAP?order=qd\" >\n\t\t\t\t\t\t\tAllegro\t\t\t\t\t\t<\/a>\n\t\t\t\t\t<\/h3>\n\t\t\t\t\n\t\t\t\t\t\t\t\t\t<p class=\"elementor-icon-box-description\">\n\t\t\t\t\t\tZobacz nasze aukcje w serwisie Allegro\t\t\t\t\t<\/p>\n\t\t\t\t\n\t\t\t<\/div>\n\t\t\t\n\t\t<\/div>\n\t\t\t\t\t\t<\/div>\n\t\t\t\t<\/div>\n\t\t\t\t\t<\/div>\n\t\t<\/div>\n\t\t\t\t\t<\/div>\n\t\t<\/section>\n\t\t\t\t<\/div>\n\t\t","protected":false},"excerpt":{"rendered":"<p>O NAS Jeste\u015bmy niewielk\u0105 firm\u0105, w kt\u00f3rej utalentowani rzemie\u015blnicy z entuzjazmem i zaanga\u017cowaniem wytwarzaj\u0105 meble z materia\u0142\u00f3w najwy\u017cszej jako\u015bci. &nbsp;&hellip;<\/p>\n","protected":false},"author":3,"featured_media":0,"parent":0,"menu_order":0,"comment_status":"closed","ping_status":"closed","template":"template-parts\/template-page-builders.php","meta":{"footnotes":""},"class_list":["post-53","page","type-page","status-publish","hentry"],"jetpack_sharing_enabled":true,"_links":{"self":[{"href":"https:\/\/www.mebelonline.pl\/index.php?rest_route=\/wp\/v2\/pages\/53","targetHints":{"allow":["GET"]}}],"collection":[{"href":"https:\/\/www.mebelonline.pl\/index.php?rest_route=\/wp\/v2\/pages"}],"about":[{"href":"https:\/\/www.mebelonline.pl\/index.php?rest_route=\/wp\/v2\/types\/page"}],"author":[{"embeddable":true,"href":"https:\/\/www.mebelonline.pl\/index.php?rest_route=\/wp\/v2\/users\/3"}],"replies":[{"embeddable":true,"href":"https:\/\/www.mebelonline.pl\/index.php?rest_route=%2Fwp%2Fv2%2Fcomments&post=53"}],"version-history":[{"count":38,"href":"https:\/\/www.mebelonline.pl\/index.php?rest_route=\/wp\/v2\/pages\/53\/revisions"}],"predecessor-version":[{"id":2463,"href":"https:\/\/www.mebelonline.pl\/index.php?rest_route=\/wp\/v2\/pages\/53\/revisions\/2463"}],"wp:attachment":[{"href":"https:\/\/www.mebelonline.pl\/index.php?rest_route=%2Fwp%2Fv2%2Fmedia&parent=53"}],"curies":[{"name":"wp","href":"https:\/\/api.w.org\/{rel}","templated":true}]}}