{"id":1901,"date":"2025-07-31T21:21:46","date_gmt":"2025-07-31T19:21:46","guid":{"rendered":"https:\/\/www.mebelonline.pl\/?post_type=product&#038;p=1901"},"modified":"2026-01-10T20:53:08","modified_gmt":"2026-01-10T19:53:08","slug":"fotel-uszak-kepl-salvador-petrol-premium","status":"publish","type":"product","link":"https:\/\/www.mebelonline.pl\/?product=fotel-uszak-kepl-salvador-petrol-premium","title":{"rendered":"Fotel uszak Kepl &#8211; Salvador Petrol premium"},"content":{"rendered":"<p><b>Tkaniny obiciowe do wyboru:<\/b> nasza szeroka oferta tkanin pozwala dopasowa\u0107 rodzaj tkaniny i jej kolor praktycznie do ka\u017cdego pomieszczenia, w dowolnej aran\u017cacji. Wystarczy wybra\u0107 w\u0142a\u015bciwy odcie\u0144 i rodzaj tkaniny z naszej <a href=\"https:\/\/www.mebelonline.pl\/?page_id=978\"><strong>palety wzornik\u00f3w<\/strong> klikaj\u0105c<strong> tutaj<\/strong><\/a> lub sprawdzi\u0107 nasze pozosta\u0142e oferty. Pami\u0119ta\u0107 nale\u017cy o wpisaniu nazwy wybranych tkanin i numeru barw w wiadomo\u015bci w czasie sk\u0142adania zam\u00f3wienia.<br \/>\n<b>Oferta obejmuje fotel Kepl w luksusowej tkaninie Salvador w kolorze zielonym.<\/b><\/p>\n<p><b>Wymiary:<\/b><\/p>\n<ul>\n<li>szeroko\u015b\u0107: <b>80 cm<\/b><\/li>\n<li>g\u0142\u0119boko\u015b\u0107: <b>90 cm<\/b><\/li>\n<li>wysoko\u015b\u0107 ca\u0142kowita: <b>104 cm<\/b><\/li>\n<li>wysoko\u015b\u0107 siedziska od ziemi: <b>43 cm<\/b><\/li>\n<\/ul>\n<p><b>Wykonanie:<\/b><\/p>\n<ul>\n<li>Stela\u017c:\u00a0<b>drewno i p\u0142yta meblowa,<\/b><\/li>\n<li>Siedzisko:\u00a0<b>spr\u0119\u017cyna falista, pianka t-30 9 cm,<\/b><\/li>\n<li>Oparcie: <b>pasy elastyczne, pianka t-25 9 cm,<\/b><\/li>\n<\/ul>\n<p>* do ka\u017cdego fotela poduszka <b>GRATIS<\/b>!<\/p>\n<p>* przy zakupie prosimy o wpisanie wybranego koloru n\u00f3\u017cek w informacji dla sprzedaj\u0105cego (od lewej):\u00a0bia\u0142y, buk, czarny, orzech.<\/p>\n<p>Meble dostarczamy w ca\u0142o\u015bci, aby zaoszcz\u0119dzi\u0107 Pa\u0144stwu pracy i nerw\u00f3w, a do wkr\u0119cenia pozostaj\u0105 tylko n\u00f3\u017cki.<\/p>\n<p><b>Poniewa\u017c<\/b> <b>kwesti\u0119 mebli tapicerowanych traktujemy bardzo powa\u017cnie, tworzymy je u\u017cywaj\u0105c wysokiej klasy materia\u0142\u00f3w, daj\u0105c gwarancj\u0119 dobrego stosunku jako\u015bci do ceny.<\/b><\/p>\n<p>Rzeczywisty kolor produktu mo\u017ce odbiega\u0107 od widocznego na zdj\u0119ciu w zale\u017cno\u015bci od ustawie\u0144 wy\u015bwietlacza.<\/p>\n","protected":false},"excerpt":{"rendered":"<p><b>Wygodne siedzisko, stylowo wygi\u0119te pod\u0142okietniki oraz szerokie oparcie sprawiaj\u0105, \u017ce nasz fotel uszak Kepl to doskona\u0142e uzupe\u0142nienie wielu wn\u0119trz.<\/b><br \/>\n\u015awietnie sprawdzi si\u0119 w gabinecie, uprzyjemni salonowe dyskusje przy fili\u017cance kawy oraz zapewni komfort w czasie wieczornego czytania ksi\u0105\u017cek w sypialni.<\/p>\n","protected":false},"featured_media":1892,"comment_status":"open","ping_status":"closed","template":"","meta":[],"product_brand":[],"product_cat":[23],"product_tag":[177,179,175],"class_list":{"0":"post-1901","1":"product","2":"type-product","3":"status-publish","4":"has-post-thumbnail","6":"product_cat-fotele","7":"product_tag-ciemny-kolor","8":"product_tag-jednokolorowy","9":"product_tag-odcienie-zieleni","11":"first","12":"instock","13":"featured","14":"shipping-taxable","15":"purchasable","16":"product-type-simple"},"jetpack_sharing_enabled":true,"_links":{"self":[{"href":"https:\/\/www.mebelonline.pl\/index.php?rest_route=\/wp\/v2\/product\/1901","targetHints":{"allow":["GET"]}}],"collection":[{"href":"https:\/\/www.mebelonline.pl\/index.php?rest_route=\/wp\/v2\/product"}],"about":[{"href":"https:\/\/www.mebelonline.pl\/index.php?rest_route=\/wp\/v2\/types\/product"}],"replies":[{"embeddable":true,"href":"https:\/\/www.mebelonline.pl\/index.php?rest_route=%2Fwp%2Fv2%2Fcomments&post=1901"}],"wp:featuredmedia":[{"embeddable":true,"href":"https:\/\/www.mebelonline.pl\/index.php?rest_route=\/wp\/v2\/media\/1892"}],"wp:attachment":[{"href":"https:\/\/www.mebelonline.pl\/index.php?rest_route=%2Fwp%2Fv2%2Fmedia&parent=1901"}],"wp:term":[{"taxonomy":"product_brand","embeddable":true,"href":"https:\/\/www.mebelonline.pl\/index.php?rest_route=%2Fwp%2Fv2%2Fproduct_brand&post=1901"},{"taxonomy":"product_cat","embeddable":true,"href":"https:\/\/www.mebelonline.pl\/index.php?rest_route=%2Fwp%2Fv2%2Fproduct_cat&post=1901"},{"taxonomy":"product_tag","embeddable":true,"href":"https:\/\/www.mebelonline.pl\/index.php?rest_route=%2Fwp%2Fv2%2Fproduct_tag&post=1901"}],"curies":[{"name":"wp","href":"https:\/\/api.w.org\/{rel}","templated":true}]}}